{"id":9550,"date":"2022-10-06T19:13:09","date_gmt":"2022-10-06T17:13:09","guid":{"rendered":"https:\/\/lfia.agencebisart.com\/?post_type=membre&#038;p=9550"},"modified":"2024-10-06T00:07:09","modified_gmt":"2024-10-05T22:07:09","slug":"michele-dubois","status":"publish","type":"membre","link":"https:\/\/www.lfianvers.org\/fr\/membre\/michele-dubois\/","title":{"rendered":"Mich\u00e8le Dubois"},"content":{"rendered":"<div class=\"blocmembre blocmembre--nocolor\" id=\"bloc_membre_1\">\n<div class=\"container\">\n<div class=\"row\">\n<div class=\"col-12 col-md-3 mb-2\">\n\t\t\t\t<img decoding=\"async\" class=\"img-fluid img-round\" src=\"https:\/\/www.lfianvers.org\/wp-content\/uploads\/2022\/10\/dubois-420x420.jpg\" alt=\"\" width=\"244\" height=\"244\" >\n\t\t\t<\/div>\n<div class=\"col-12 col-md-9\">\n<div class=\"mb-3 pt-md-4 pt-lg-5 pt-xl-6\">\n<h2><span>  <\/span><\/h2>\n<p>Coll\u00e8ge &#038; Lyc\u00e9e &#8211; Histoire-G\u00e9ographie et \u00c9ducation civique<\/p>\n<\/p><\/div>\n<\/p><\/div>\n<\/p><\/div>\n<\/p><\/div>\n<\/div>\n<div class=\"bloctext bloctext--nocolor bloctext--haspattern\" id=\"bloc_6_2\">\n<div class=\"container\">\n<div class=\"row\">\n<div class=\"col-12 col-lg-4 col-xl-3 mb-1\">\n<h2><span>Biographie<\/span><\/h2>\n<\/p><\/div>\n<div class=\"col-12 col-lg-8 col-xl-9\">\n<div class=\"text pl-lg-4\">\n<p><span style=\"font-weight: 400;\">Apr\u00e8s avoir termin\u00e9 ses \u00e9tudes \u00e0 l&#8217;Ath\u00e9n\u00e9e royal de Saint-Ghislain, Mich\u00e8le a obtenu une agr\u00e9gation en histoire et en sciences sociales et politiques \u00e0 l&#8217;Universit\u00e9 libre de Bruxelles, ainsi qu&#8217;un Cambridge Advanced. Elle enseigne au Lyc\u00e9e d&#8217;Anvers depuis 1992, o\u00f9 elle a d&#8217;abord pr\u00e9par\u00e9 les \u00e9l\u00e8ves aux examens belges et au Baccalaur\u00e9at International. Passionn\u00e9e par l&#8217;histoire, la politique internationale, l&#8217;\u00e9conomie et les sciences naturelles, Mich\u00e8le aime les randonn\u00e9es en solitaire, les mus\u00e9es, les vieux \u00e9difices, et surtout, transmettre sa passion et \u00e9veiller la curiosit\u00e9 de ses \u00e9l\u00e8ves.<\/span><\/p>\n<\/p><\/div>\n<\/p><\/div>\n<\/p><\/div>\n<\/p><\/div>\n<\/div>\n","protected":false},"featured_media":0,"template":"","typologie":[142],"class_list":["post-9550","membre","type-membre","status-publish","hentry","typologie-equipe-pedagogique-college-lycee"],"acf":[],"yoast_head":"<!-- This site is optimized with the Yoast SEO plugin v27.5 - https:\/\/yoast.com\/product\/yoast-seo-wordpress\/ -->\n<title>Mich\u00e8le Dubois - LFI Anvers<\/title>\n<meta name=\"robots\" content=\"index, follow, max-snippet:-1, max-image-preview:large, max-video-preview:-1\" \/>\n<link rel=\"canonical\" href=\"https:\/\/www.lfianvers.org\/fr\/membre\/michele-dubois\/\" \/>\n<meta property=\"og:locale\" content=\"fr_FR\" \/>\n<meta property=\"og:type\" content=\"article\" \/>\n<meta property=\"og:title\" content=\"Mich\u00e8le Dubois - LFI Anvers\" \/>\n<meta property=\"og:description\" content=\"Coll\u00e8ge &#038; Lyc\u00e9e &#8211; Histoire-G\u00e9ographie et \u00c9ducation civique Biographie Apr\u00e8s avoir termin\u00e9 ses \u00e9tudes \u00e0 l&#8217;Ath\u00e9n\u00e9e royal de Saint-Ghislain, Mich\u00e8le [&hellip;]\" \/>\n<meta property=\"og:url\" content=\"https:\/\/www.lfianvers.org\/fr\/membre\/michele-dubois\/\" \/>\n<meta property=\"og:site_name\" content=\"LFI Anvers\" \/>\n<meta property=\"article:modified_time\" content=\"2024-10-05T22:07:09+00:00\" \/>\n<meta property=\"og:image\" content=\"https:\/\/www.lfianvers.org\/wp-content\/uploads\/2022\/10\/dubois-420x420.jpg\" \/>\n<meta name=\"twitter:card\" content=\"summary_large_image\" \/>\n<meta name=\"twitter:label1\" content=\"Dur\u00e9e de lecture estim\u00e9e\" \/>\n\t<meta name=\"twitter:data1\" content=\"2 minutes\" \/>\n<script type=\"application\/ld+json\" class=\"yoast-schema-graph\">{\"@context\":\"https:\\\/\\\/schema.org\",\"@graph\":[{\"@type\":\"WebPage\",\"@id\":\"https:\\\/\\\/www.lfianvers.org\\\/fr\\\/membre\\\/michele-dubois\\\/\",\"url\":\"https:\\\/\\\/www.lfianvers.org\\\/fr\\\/membre\\\/michele-dubois\\\/\",\"name\":\"Mich\u00e8le Dubois - LFI Anvers\",\"isPartOf\":{\"@id\":\"https:\\\/\\\/www.lfianvers.org\\\/fr\\\/#website\"},\"primaryImageOfPage\":{\"@id\":\"https:\\\/\\\/www.lfianvers.org\\\/fr\\\/membre\\\/michele-dubois\\\/#primaryimage\"},\"image\":{\"@id\":\"https:\\\/\\\/www.lfianvers.org\\\/fr\\\/membre\\\/michele-dubois\\\/#primaryimage\"},\"thumbnailUrl\":\"https:\\\/\\\/www.lfianvers.org\\\/wp-content\\\/uploads\\\/2022\\\/10\\\/dubois-420x420.jpg\",\"datePublished\":\"2022-10-06T17:13:09+00:00\",\"dateModified\":\"2024-10-05T22:07:09+00:00\",\"breadcrumb\":{\"@id\":\"https:\\\/\\\/www.lfianvers.org\\\/fr\\\/membre\\\/michele-dubois\\\/#breadcrumb\"},\"inLanguage\":\"fr-FR\",\"potentialAction\":[{\"@type\":\"ReadAction\",\"target\":[\"https:\\\/\\\/www.lfianvers.org\\\/fr\\\/membre\\\/michele-dubois\\\/\"]}]},{\"@type\":\"ImageObject\",\"inLanguage\":\"fr-FR\",\"@id\":\"https:\\\/\\\/www.lfianvers.org\\\/fr\\\/membre\\\/michele-dubois\\\/#primaryimage\",\"url\":\"https:\\\/\\\/www.lfianvers.org\\\/wp-content\\\/uploads\\\/2022\\\/10\\\/dubois-420x420.jpg\",\"contentUrl\":\"https:\\\/\\\/www.lfianvers.org\\\/wp-content\\\/uploads\\\/2022\\\/10\\\/dubois-420x420.jpg\"},{\"@type\":\"BreadcrumbList\",\"@id\":\"https:\\\/\\\/www.lfianvers.org\\\/fr\\\/membre\\\/michele-dubois\\\/#breadcrumb\",\"itemListElement\":[{\"@type\":\"ListItem\",\"position\":1,\"name\":\"Accueil\",\"item\":\"https:\\\/\\\/www.lfianvers.org\\\/fr\\\/\"},{\"@type\":\"ListItem\",\"position\":2,\"name\":\"Mich\u00e8le Dubois\"}]},{\"@type\":\"WebSite\",\"@id\":\"https:\\\/\\\/www.lfianvers.org\\\/fr\\\/#website\",\"url\":\"https:\\\/\\\/www.lfianvers.org\\\/fr\\\/\",\"name\":\"LFI Anvers\",\"description\":\"Lyc\u00e9e fran\u00e7ais international d&#039;Anvers\",\"potentialAction\":[{\"@type\":\"SearchAction\",\"target\":{\"@type\":\"EntryPoint\",\"urlTemplate\":\"https:\\\/\\\/www.lfianvers.org\\\/fr\\\/?s={search_term_string}\"},\"query-input\":{\"@type\":\"PropertyValueSpecification\",\"valueRequired\":true,\"valueName\":\"search_term_string\"}}],\"inLanguage\":\"fr-FR\"}]}<\/script>\n<!-- \/ Yoast SEO plugin. -->","yoast_head_json":{"title":"Mich\u00e8le Dubois - LFI Anvers","robots":{"index":"index","follow":"follow","max-snippet":"max-snippet:-1","max-image-preview":"max-image-preview:large","max-video-preview":"max-video-preview:-1"},"canonical":"https:\/\/www.lfianvers.org\/fr\/membre\/michele-dubois\/","og_locale":"fr_FR","og_type":"article","og_title":"Mich\u00e8le Dubois - LFI Anvers","og_description":"Coll\u00e8ge &#038; Lyc\u00e9e &#8211; Histoire-G\u00e9ographie et \u00c9ducation civique Biographie Apr\u00e8s avoir termin\u00e9 ses \u00e9tudes \u00e0 l&#8217;Ath\u00e9n\u00e9e royal de Saint-Ghislain, Mich\u00e8le [&hellip;]","og_url":"https:\/\/www.lfianvers.org\/fr\/membre\/michele-dubois\/","og_site_name":"LFI Anvers","article_modified_time":"2024-10-05T22:07:09+00:00","og_image":[{"url":"https:\/\/www.lfianvers.org\/wp-content\/uploads\/2022\/10\/dubois-420x420.jpg","type":"","width":"","height":""}],"twitter_card":"summary_large_image","twitter_misc":{"Dur\u00e9e de lecture estim\u00e9e":"2 minutes"},"schema":{"@context":"https:\/\/schema.org","@graph":[{"@type":"WebPage","@id":"https:\/\/www.lfianvers.org\/fr\/membre\/michele-dubois\/","url":"https:\/\/www.lfianvers.org\/fr\/membre\/michele-dubois\/","name":"Mich\u00e8le Dubois - LFI Anvers","isPartOf":{"@id":"https:\/\/www.lfianvers.org\/fr\/#website"},"primaryImageOfPage":{"@id":"https:\/\/www.lfianvers.org\/fr\/membre\/michele-dubois\/#primaryimage"},"image":{"@id":"https:\/\/www.lfianvers.org\/fr\/membre\/michele-dubois\/#primaryimage"},"thumbnailUrl":"https:\/\/www.lfianvers.org\/wp-content\/uploads\/2022\/10\/dubois-420x420.jpg","datePublished":"2022-10-06T17:13:09+00:00","dateModified":"2024-10-05T22:07:09+00:00","breadcrumb":{"@id":"https:\/\/www.lfianvers.org\/fr\/membre\/michele-dubois\/#breadcrumb"},"inLanguage":"fr-FR","potentialAction":[{"@type":"ReadAction","target":["https:\/\/www.lfianvers.org\/fr\/membre\/michele-dubois\/"]}]},{"@type":"ImageObject","inLanguage":"fr-FR","@id":"https:\/\/www.lfianvers.org\/fr\/membre\/michele-dubois\/#primaryimage","url":"https:\/\/www.lfianvers.org\/wp-content\/uploads\/2022\/10\/dubois-420x420.jpg","contentUrl":"https:\/\/www.lfianvers.org\/wp-content\/uploads\/2022\/10\/dubois-420x420.jpg"},{"@type":"BreadcrumbList","@id":"https:\/\/www.lfianvers.org\/fr\/membre\/michele-dubois\/#breadcrumb","itemListElement":[{"@type":"ListItem","position":1,"name":"Accueil","item":"https:\/\/www.lfianvers.org\/fr\/"},{"@type":"ListItem","position":2,"name":"Mich\u00e8le Dubois"}]},{"@type":"WebSite","@id":"https:\/\/www.lfianvers.org\/fr\/#website","url":"https:\/\/www.lfianvers.org\/fr\/","name":"LFI Anvers","description":"Lyc\u00e9e fran\u00e7ais international d&#039;Anvers","potentialAction":[{"@type":"SearchAction","target":{"@type":"EntryPoint","urlTemplate":"https:\/\/www.lfianvers.org\/fr\/?s={search_term_string}"},"query-input":{"@type":"PropertyValueSpecification","valueRequired":true,"valueName":"search_term_string"}}],"inLanguage":"fr-FR"}]}},"_links":{"self":[{"href":"https:\/\/www.lfianvers.org\/fr\/wp-json\/wp\/v2\/membre\/9550","targetHints":{"allow":["GET"]}}],"collection":[{"href":"https:\/\/www.lfianvers.org\/fr\/wp-json\/wp\/v2\/membre"}],"about":[{"href":"https:\/\/www.lfianvers.org\/fr\/wp-json\/wp\/v2\/types\/membre"}],"wp:attachment":[{"href":"https:\/\/www.lfianvers.org\/fr\/wp-json\/wp\/v2\/media?parent=9550"}],"wp:term":[{"taxonomy":"typologie","embeddable":true,"href":"https:\/\/www.lfianvers.org\/fr\/wp-json\/wp\/v2\/typologie?post=9550"}],"curies":[{"name":"wp","href":"https:\/\/api.w.org\/{rel}","templated":true}]}}

Michèle Dubois

<div class="blocmembre blocmembre--nocolor" id="bloc_membre_1">
<div class="container">
<div class="row">
<div class="col-12 col-md-3 mb-2">
				<img decoding="async" class="img-fluid img-round" src="https://www.lfianvers.org/wp-content/uploads/2022/10/dubois-420x420.jpg" alt="" width="244" height="244" >
			</div>
<div class="col-12 col-md-9">
<div class="mb-3 pt-md-4 pt-lg-5 pt-xl-6">
<h2><span>  </span></h2>
<p>Collège &#038; Lycée &#8211; Histoire-Géographie et Éducation civique</p>
</p></div>
</p></div>
</p></div>
</p></div>
</div>
<div class="bloctext bloctext--nocolor bloctext--haspattern" id="bloc_6_2">
<div class="container">
<div class="row">
<div class="col-12 col-lg-4 col-xl-3 mb-1">
<h2><span>Biographie</span></h2>
</p></div>
<div class="col-12 col-lg-8 col-xl-9">
<div class="text pl-lg-4">
<p><span style="font-weight: 400;">Après avoir terminé ses études à l&#8217;Athénée royal de Saint-Ghislain, Michèle a obtenu une agrégation en histoire et en sciences sociales et politiques à l&#8217;Université libre de Bruxelles, ainsi qu&#8217;un Cambridge Advanced. Elle enseigne au Lycée d&#8217;Anvers depuis 1992, où elle a d&#8217;abord préparé les élèves aux examens belges et au Baccalauréat International. Passionnée par l&#8217;histoire, la politique internationale, l&#8217;économie et les sciences naturelles, Michèle aime les randonnées en solitaire, les musées, les vieux édifices, et surtout, transmettre sa passion et éveiller la curiosité de ses élèves.</span></p>
</p></div>
</p></div>
</p></div>
</p></div>
</div>

<!-- This site is optimized with the Yoast SEO plugin v27.5 - https://yoast.com/product/yoast-seo-wordpress/ -->
<title>Michèle Dubois - LFI Anvers</title>
<meta name="robots" content="index, follow, max-snippet:-1, max-image-preview:large, max-video-preview:-1" />
<link rel="canonical" href="https://www.lfianvers.org/fr/membre/michele-dubois/" />
<meta property="og:locale" content="fr_FR" />
<meta property="og:type" content="article" />
<meta property="og:title" content="Michèle Dubois - LFI Anvers" />
<meta property="og:description" content="Collège &#038; Lycée &#8211; Histoire-Géographie et Éducation civique Biographie Après avoir terminé ses études à l&#8217;Athénée royal de Saint-Ghislain, Michèle [&hellip;]" />
<meta property="og:url" content="https://www.lfianvers.org/fr/membre/michele-dubois/" />
<meta property="og:site_name" content="LFI Anvers" />
<meta property="article:modified_time" content="2024-10-05T22:07:09+00:00" />
<meta property="og:image" content="https://www.lfianvers.org/wp-content/uploads/2022/10/dubois-420x420.jpg" />
<meta name="twitter:card" content="summary_large_image" />
<meta name="twitter:label1" content="Durée de lecture estimée" />
	<meta name="twitter:data1" content="2 minutes" />
<script type="application/ld+json" class="yoast-schema-graph">{"@context":"https:\/\/schema.org","@graph":[{"@type":"WebPage","@id":"https:\/\/www.lfianvers.org\/fr\/membre\/michele-dubois\/","url":"https:\/\/www.lfianvers.org\/fr\/membre\/michele-dubois\/","name":"Michèle Dubois - LFI Anvers","isPartOf":{"@id":"https:\/\/www.lfianvers.org\/fr\/#website"},"primaryImageOfPage":{"@id":"https:\/\/www.lfianvers.org\/fr\/membre\/michele-dubois\/#primaryimage"},"image":{"@id":"https:\/\/www.lfianvers.org\/fr\/membre\/michele-dubois\/#primaryimage"},"thumbnailUrl":"https:\/\/www.lfianvers.org\/wp-content\/uploads\/2022\/10\/dubois-420x420.jpg","datePublished":"2022-10-06T17:13:09+00:00","dateModified":"2024-10-05T22:07:09+00:00","breadcrumb":{"@id":"https:\/\/www.lfianvers.org\/fr\/membre\/michele-dubois\/#breadcrumb"},"inLanguage":"fr-FR","potentialAction":[{"@type":"ReadAction","target":["https:\/\/www.lfianvers.org\/fr\/membre\/michele-dubois\/"]}]},{"@type":"ImageObject","inLanguage":"fr-FR","@id":"https:\/\/www.lfianvers.org\/fr\/membre\/michele-dubois\/#primaryimage","url":"https:\/\/www.lfianvers.org\/wp-content\/uploads\/2022\/10\/dubois-420x420.jpg","contentUrl":"https:\/\/www.lfianvers.org\/wp-content\/uploads\/2022\/10\/dubois-420x420.jpg"},{"@type":"BreadcrumbList","@id":"https:\/\/www.lfianvers.org\/fr\/membre\/michele-dubois\/#breadcrumb","itemListElement":[{"@type":"ListItem","position":1,"name":"Accueil","item":"https:\/\/www.lfianvers.org\/fr\/"},{"@type":"ListItem","position":2,"name":"Michèle Dubois"}]},{"@type":"WebSite","@id":"https:\/\/www.lfianvers.org\/fr\/#website","url":"https:\/\/www.lfianvers.org\/fr\/","name":"LFI Anvers","description":"Lycée français international d&#039;Anvers","potentialAction":[{"@type":"SearchAction","target":{"@type":"EntryPoint","urlTemplate":"https:\/\/www.lfianvers.org\/fr\/?s={search_term_string}"},"query-input":{"@type":"PropertyValueSpecification","valueRequired":true,"valueName":"search_term_string"}}],"inLanguage":"fr-FR"}]}</script>
<!-- / Yoast SEO plugin. -->

Michèle Dubois - LFI Anvers

Collège &#038; Lycée &#8211; Histoire-Géographie et Éducation civique Biographie Après avoir terminé ses études à l&#8217;Athénée royal de Saint-Ghislain, Michèle [&hellip;]

Lycée français international d&#039;Anvers
