{"id":14090,"date":"2024-08-09T16:53:55","date_gmt":"2024-08-09T14:53:55","guid":{"rendered":"https:\/\/www.lfianvers.org\/membre\/claudinne-ntula\/"},"modified":"2024-12-02T08:35:00","modified_gmt":"2024-12-02T07:35:00","slug":"claudinne-ntula","status":"publish","type":"membre","link":"https:\/\/www.lfianvers.org\/fr\/membre\/claudinne-ntula\/","title":{"rendered":"Claudinne Ntula"},"content":{"rendered":"<div class=\"blocmembre blocmembre--nocolor\" id=\"bloc_membre_1\">\n<div class=\"container\">\n<div class=\"row\">\n<div class=\"col-12 col-md-3 mb-2\">\n\t\t\t\t<img decoding=\"async\" class=\"img-fluid img-round\" src=\"https:\/\/www.lfianvers.org\/wp-content\/uploads\/2024\/07\/FullSizeRender-1-1.jpg\" alt=\"\" width=\"244\" height=\"244\" >\n\t\t\t<\/div>\n<div class=\"col-12 col-md-9\">\n<div class=\"mb-3 pt-md-4 pt-lg-5 pt-xl-6\">\n<h2><span>Claudine Ntula <\/span><\/h2>\n<p>Secr\u00e9taire de direction<\/p>\n<\/p><\/div>\n<\/p><\/div>\n<\/p><\/div>\n<\/p><\/div>\n<\/div>\n<div class=\"bloctext bloctext--nocolor bloctext--haspattern\" id=\"bloc_6_2\">\n<div class=\"container\">\n<div class=\"row\">\n<div class=\"col-12 col-lg-4 col-xl-3 mb-1\">\n<h2><span>Biographie<\/span><\/h2>\n<\/p><\/div>\n<div class=\"col-12 col-lg-8 col-xl-9\">\n<div class=\"text pl-lg-4\">\n<p><span style=\"font-weight: 400;\">Professionnelle accomplie dans le domaine de l&rsquo;assistanat de direction, je b\u00e9n\u00e9ficie de nombreuses ann\u00e9es d&rsquo;exp\u00e9rience dans des environnements internationaux et multiculturels.\u00a0<\/span><\/p>\n<p><span style=\"font-weight: 400;\">Titulaire d&rsquo;un dipl\u00f4me de Secr\u00e9taire de Direction et d&rsquo;un dipl\u00f4me en comptabilit\u00e9 obtenus \u00e0 l&rsquo;EPFC\/Woluwe Saint Pierre,Depuis le 28 ao\u00fbt 2023, je suis Secr\u00e9taire de Direction au LFIA, o\u00f9 je mets \u00e0 profit mes comp\u00e9tences organisationnelles, linguistiques et relationnelles pour assurer le bon fonctionnement du secr\u00e9tariat et assister la direction dans ses missions.<\/span><\/p>\n<p><b>Parcours professionnel:<\/b><\/p>\n<p><span style=\"font-weight: 400;\">Mon parcours professionnel est riche d&rsquo;exp\u00e9riences vari\u00e9es acquises au sein de diff\u00e9rents secteurs :<\/span><\/p>\n<ul>\n<li style=\"font-weight: 400;\" aria-level=\"1\"><b>Secteur de la s\u00e9curit\u00e9:<\/b><span style=\"font-weight: 400;\"> Administration Officer chez G4S\/Vilvoorde et Secretary Officer chez Seris Security\/Diegem.<\/span><\/li>\n<li style=\"font-weight: 400;\" aria-level=\"1\"><b>Secteur de la logistique:<\/b><span style=\"font-weight: 400;\"> Logistics Administrator Clerk chez Panalpina World Transport NV\/Machelen.<\/span><\/li>\n<li style=\"font-weight: 400;\" aria-level=\"1\"><b>Secteur a\u00e9ronautique:<\/b><span style=\"font-weight: 400;\"> Flight-Documentation Engineering Officer, Flight-Documentation Agent chez Brussels Airlines\/Operations Department\/Diegem et Flight-Documentation Agent chez Virgin-Express\/Operations Department\/Melsbroek.<\/span><\/li>\n<li style=\"font-weight: 400;\" aria-level=\"1\"><b>Secteur diplomatique:<\/b><span style=\"font-weight: 400;\"> Executive Secretary \u00e0 l&rsquo;Ambassade de la R\u00e9publique du Lib\u00e9ria\/Mission de Bruxelles.<\/span><\/li>\n<\/ul>\n<p><b>Int\u00e9r\u00eats:<\/b><\/p>\n<p><span style=\"font-weight: 400;\">En dehors de mon activit\u00e9 professionnelle, je suis passionn\u00e9e par les voyages, le chant (chorale et karaok\u00e9), la marche et la cuisine.<\/span><\/p>\n<\/p><\/div>\n<\/p><\/div>\n<\/p><\/div>\n<\/p><\/div>\n<\/div>\n","protected":false},"featured_media":0,"template":"","typologie":[37],"class_list":["post-14090","membre","type-membre","status-publish","hentry","typologie-equipe-administrative"],"acf":[],"yoast_head":"<!-- This site is optimized with the Yoast SEO plugin v27.5 - https:\/\/yoast.com\/product\/yoast-seo-wordpress\/ -->\n<title>Claudinne Ntula - LFI Anvers<\/title>\n<meta name=\"robots\" content=\"index, follow, max-snippet:-1, max-image-preview:large, max-video-preview:-1\" \/>\n<link rel=\"canonical\" href=\"https:\/\/www.lfianvers.org\/fr\/membre\/claudinne-ntula\/\" \/>\n<meta property=\"og:locale\" content=\"fr_FR\" \/>\n<meta property=\"og:type\" content=\"article\" \/>\n<meta property=\"og:title\" content=\"Claudinne Ntula - LFI Anvers\" \/>\n<meta property=\"og:description\" content=\"Claudine Ntula Secr\u00e9taire de direction Biographie Professionnelle accomplie dans le domaine de l&rsquo;assistanat de direction, je b\u00e9n\u00e9ficie de nombreuses ann\u00e9es [&hellip;]\" \/>\n<meta property=\"og:url\" content=\"https:\/\/www.lfianvers.org\/fr\/membre\/claudinne-ntula\/\" \/>\n<meta property=\"og:site_name\" content=\"LFI Anvers\" \/>\n<meta property=\"article:modified_time\" content=\"2024-12-02T07:35:00+00:00\" \/>\n<meta property=\"og:image\" content=\"https:\/\/www.lfianvers.org\/wp-content\/uploads\/2024\/07\/FullSizeRender-1-1.jpg\" \/>\n<meta name=\"twitter:card\" content=\"summary_large_image\" \/>\n<meta name=\"twitter:label1\" content=\"Dur\u00e9e de lecture estim\u00e9e\" \/>\n\t<meta name=\"twitter:data1\" content=\"3 minutes\" \/>\n<script type=\"application\/ld+json\" class=\"yoast-schema-graph\">{\"@context\":\"https:\\\/\\\/schema.org\",\"@graph\":[{\"@type\":\"WebPage\",\"@id\":\"https:\\\/\\\/www.lfianvers.org\\\/fr\\\/membre\\\/claudinne-ntula\\\/\",\"url\":\"https:\\\/\\\/www.lfianvers.org\\\/fr\\\/membre\\\/claudinne-ntula\\\/\",\"name\":\"Claudinne Ntula - LFI Anvers\",\"isPartOf\":{\"@id\":\"https:\\\/\\\/www.lfianvers.org\\\/fr\\\/#website\"},\"primaryImageOfPage\":{\"@id\":\"https:\\\/\\\/www.lfianvers.org\\\/fr\\\/membre\\\/claudinne-ntula\\\/#primaryimage\"},\"image\":{\"@id\":\"https:\\\/\\\/www.lfianvers.org\\\/fr\\\/membre\\\/claudinne-ntula\\\/#primaryimage\"},\"thumbnailUrl\":\"https:\\\/\\\/www.lfianvers.org\\\/wp-content\\\/uploads\\\/2024\\\/07\\\/FullSizeRender-1-1.jpg\",\"datePublished\":\"2024-08-09T14:53:55+00:00\",\"dateModified\":\"2024-12-02T07:35:00+00:00\",\"breadcrumb\":{\"@id\":\"https:\\\/\\\/www.lfianvers.org\\\/fr\\\/membre\\\/claudinne-ntula\\\/#breadcrumb\"},\"inLanguage\":\"fr-FR\",\"potentialAction\":[{\"@type\":\"ReadAction\",\"target\":[\"https:\\\/\\\/www.lfianvers.org\\\/fr\\\/membre\\\/claudinne-ntula\\\/\"]}]},{\"@type\":\"ImageObject\",\"inLanguage\":\"fr-FR\",\"@id\":\"https:\\\/\\\/www.lfianvers.org\\\/fr\\\/membre\\\/claudinne-ntula\\\/#primaryimage\",\"url\":\"https:\\\/\\\/www.lfianvers.org\\\/wp-content\\\/uploads\\\/2024\\\/07\\\/FullSizeRender-1-1.jpg\",\"contentUrl\":\"https:\\\/\\\/www.lfianvers.org\\\/wp-content\\\/uploads\\\/2024\\\/07\\\/FullSizeRender-1-1.jpg\"},{\"@type\":\"BreadcrumbList\",\"@id\":\"https:\\\/\\\/www.lfianvers.org\\\/fr\\\/membre\\\/claudinne-ntula\\\/#breadcrumb\",\"itemListElement\":[{\"@type\":\"ListItem\",\"position\":1,\"name\":\"Accueil\",\"item\":\"https:\\\/\\\/www.lfianvers.org\\\/fr\\\/\"},{\"@type\":\"ListItem\",\"position\":2,\"name\":\"Claudinne Ntula\"}]},{\"@type\":\"WebSite\",\"@id\":\"https:\\\/\\\/www.lfianvers.org\\\/fr\\\/#website\",\"url\":\"https:\\\/\\\/www.lfianvers.org\\\/fr\\\/\",\"name\":\"LFI Anvers\",\"description\":\"Lyc\u00e9e fran\u00e7ais international d&#039;Anvers\",\"potentialAction\":[{\"@type\":\"SearchAction\",\"target\":{\"@type\":\"EntryPoint\",\"urlTemplate\":\"https:\\\/\\\/www.lfianvers.org\\\/fr\\\/?s={search_term_string}\"},\"query-input\":{\"@type\":\"PropertyValueSpecification\",\"valueRequired\":true,\"valueName\":\"search_term_string\"}}],\"inLanguage\":\"fr-FR\"}]}<\/script>\n<!-- \/ Yoast SEO plugin. -->","yoast_head_json":{"title":"Claudinne Ntula - LFI Anvers","robots":{"index":"index","follow":"follow","max-snippet":"max-snippet:-1","max-image-preview":"max-image-preview:large","max-video-preview":"max-video-preview:-1"},"canonical":"https:\/\/www.lfianvers.org\/fr\/membre\/claudinne-ntula\/","og_locale":"fr_FR","og_type":"article","og_title":"Claudinne Ntula - LFI Anvers","og_description":"Claudine Ntula Secr\u00e9taire de direction Biographie Professionnelle accomplie dans le domaine de l&rsquo;assistanat de direction, je b\u00e9n\u00e9ficie de nombreuses ann\u00e9es [&hellip;]","og_url":"https:\/\/www.lfianvers.org\/fr\/membre\/claudinne-ntula\/","og_site_name":"LFI Anvers","article_modified_time":"2024-12-02T07:35:00+00:00","og_image":[{"url":"https:\/\/www.lfianvers.org\/wp-content\/uploads\/2024\/07\/FullSizeRender-1-1.jpg","type":"","width":"","height":""}],"twitter_card":"summary_large_image","twitter_misc":{"Dur\u00e9e de lecture estim\u00e9e":"3 minutes"},"schema":{"@context":"https:\/\/schema.org","@graph":[{"@type":"WebPage","@id":"https:\/\/www.lfianvers.org\/fr\/membre\/claudinne-ntula\/","url":"https:\/\/www.lfianvers.org\/fr\/membre\/claudinne-ntula\/","name":"Claudinne Ntula - LFI Anvers","isPartOf":{"@id":"https:\/\/www.lfianvers.org\/fr\/#website"},"primaryImageOfPage":{"@id":"https:\/\/www.lfianvers.org\/fr\/membre\/claudinne-ntula\/#primaryimage"},"image":{"@id":"https:\/\/www.lfianvers.org\/fr\/membre\/claudinne-ntula\/#primaryimage"},"thumbnailUrl":"https:\/\/www.lfianvers.org\/wp-content\/uploads\/2024\/07\/FullSizeRender-1-1.jpg","datePublished":"2024-08-09T14:53:55+00:00","dateModified":"2024-12-02T07:35:00+00:00","breadcrumb":{"@id":"https:\/\/www.lfianvers.org\/fr\/membre\/claudinne-ntula\/#breadcrumb"},"inLanguage":"fr-FR","potentialAction":[{"@type":"ReadAction","target":["https:\/\/www.lfianvers.org\/fr\/membre\/claudinne-ntula\/"]}]},{"@type":"ImageObject","inLanguage":"fr-FR","@id":"https:\/\/www.lfianvers.org\/fr\/membre\/claudinne-ntula\/#primaryimage","url":"https:\/\/www.lfianvers.org\/wp-content\/uploads\/2024\/07\/FullSizeRender-1-1.jpg","contentUrl":"https:\/\/www.lfianvers.org\/wp-content\/uploads\/2024\/07\/FullSizeRender-1-1.jpg"},{"@type":"BreadcrumbList","@id":"https:\/\/www.lfianvers.org\/fr\/membre\/claudinne-ntula\/#breadcrumb","itemListElement":[{"@type":"ListItem","position":1,"name":"Accueil","item":"https:\/\/www.lfianvers.org\/fr\/"},{"@type":"ListItem","position":2,"name":"Claudinne Ntula"}]},{"@type":"WebSite","@id":"https:\/\/www.lfianvers.org\/fr\/#website","url":"https:\/\/www.lfianvers.org\/fr\/","name":"LFI Anvers","description":"Lyc\u00e9e fran\u00e7ais international d&#039;Anvers","potentialAction":[{"@type":"SearchAction","target":{"@type":"EntryPoint","urlTemplate":"https:\/\/www.lfianvers.org\/fr\/?s={search_term_string}"},"query-input":{"@type":"PropertyValueSpecification","valueRequired":true,"valueName":"search_term_string"}}],"inLanguage":"fr-FR"}]}},"_links":{"self":[{"href":"https:\/\/www.lfianvers.org\/fr\/wp-json\/wp\/v2\/membre\/14090","targetHints":{"allow":["GET"]}}],"collection":[{"href":"https:\/\/www.lfianvers.org\/fr\/wp-json\/wp\/v2\/membre"}],"about":[{"href":"https:\/\/www.lfianvers.org\/fr\/wp-json\/wp\/v2\/types\/membre"}],"wp:attachment":[{"href":"https:\/\/www.lfianvers.org\/fr\/wp-json\/wp\/v2\/media?parent=14090"}],"wp:term":[{"taxonomy":"typologie","embeddable":true,"href":"https:\/\/www.lfianvers.org\/fr\/wp-json\/wp\/v2\/typologie?post=14090"}],"curies":[{"name":"wp","href":"https:\/\/api.w.org\/{rel}","templated":true}]}}

<div class="blocmembre blocmembre--nocolor" id="bloc_membre_1">
<div class="container">
<div class="row">
<div class="col-12 col-md-3 mb-2">
				<img decoding="async" class="img-fluid img-round" src="https://www.lfianvers.org/wp-content/uploads/2024/07/FullSizeRender-1-1.jpg" alt="" width="244" height="244" >
			</div>
<div class="col-12 col-md-9">
<div class="mb-3 pt-md-4 pt-lg-5 pt-xl-6">
<h2><span>Claudine Ntula </span></h2>
<p>Secrétaire de direction</p>
</p></div>
</p></div>
</p></div>
</p></div>
</div>
<div class="bloctext bloctext--nocolor bloctext--haspattern" id="bloc_6_2">
<div class="container">
<div class="row">
<div class="col-12 col-lg-4 col-xl-3 mb-1">
<h2><span>Biographie</span></h2>
</p></div>
<div class="col-12 col-lg-8 col-xl-9">
<div class="text pl-lg-4">
<p><span style="font-weight: 400;">Professionnelle accomplie dans le domaine de l&rsquo;assistanat de direction, je bénéficie de nombreuses années d&rsquo;expérience dans des environnements internationaux et multiculturels. </span></p>
<p><span style="font-weight: 400;">Titulaire d&rsquo;un diplôme de Secrétaire de Direction et d&rsquo;un diplôme en comptabilité obtenus à l&rsquo;EPFC/Woluwe Saint Pierre,Depuis le 28 août 2023, je suis Secrétaire de Direction au LFIA, où je mets à profit mes compétences organisationnelles, linguistiques et relationnelles pour assurer le bon fonctionnement du secrétariat et assister la direction dans ses missions.</span></p>
<p><b>Parcours professionnel:</b></p>
<p><span style="font-weight: 400;">Mon parcours professionnel est riche d&rsquo;expériences variées acquises au sein de différents secteurs :</span></p>
<ul>
<li style="font-weight: 400;" aria-level="1"><b>Secteur de la sécurité:</b><span style="font-weight: 400;"> Administration Officer chez G4S/Vilvoorde et Secretary Officer chez Seris Security/Diegem.</span></li>
<li style="font-weight: 400;" aria-level="1"><b>Secteur de la logistique:</b><span style="font-weight: 400;"> Logistics Administrator Clerk chez Panalpina World Transport NV/Machelen.</span></li>
<li style="font-weight: 400;" aria-level="1"><b>Secteur aéronautique:</b><span style="font-weight: 400;"> Flight-Documentation Engineering Officer, Flight-Documentation Agent chez Brussels Airlines/Operations Department/Diegem et Flight-Documentation Agent chez Virgin-Express/Operations Department/Melsbroek.</span></li>
<li style="font-weight: 400;" aria-level="1"><b>Secteur diplomatique:</b><span style="font-weight: 400;"> Executive Secretary à l&rsquo;Ambassade de la République du Libéria/Mission de Bruxelles.</span></li>
</ul>
<p><b>Intérêts:</b></p>
<p><span style="font-weight: 400;">En dehors de mon activité professionnelle, je suis passionnée par les voyages, le chant (chorale et karaoké), la marche et la cuisine.</span></p>
</p></div>
</p></div>
</p></div>
</p></div>
</div>

<!-- This site is optimized with the Yoast SEO plugin v27.5 - https://yoast.com/product/yoast-seo-wordpress/ -->
<title>Claudinne Ntula - LFI Anvers</title>
<meta name="robots" content="index, follow, max-snippet:-1, max-image-preview:large, max-video-preview:-1" />
<link rel="canonical" href="https://www.lfianvers.org/fr/membre/claudinne-ntula/" />
<meta property="og:locale" content="fr_FR" />
<meta property="og:type" content="article" />
<meta property="og:title" content="Claudinne Ntula - LFI Anvers" />
<meta property="og:description" content="Claudine Ntula Secrétaire de direction Biographie Professionnelle accomplie dans le domaine de l&rsquo;assistanat de direction, je bénéficie de nombreuses années [&hellip;]" />
<meta property="og:url" content="https://www.lfianvers.org/fr/membre/claudinne-ntula/" />
<meta property="og:site_name" content="LFI Anvers" />
<meta property="article:modified_time" content="2024-12-02T07:35:00+00:00" />
<meta property="og:image" content="https://www.lfianvers.org/wp-content/uploads/2024/07/FullSizeRender-1-1.jpg" />
<meta name="twitter:card" content="summary_large_image" />
<meta name="twitter:label1" content="Durée de lecture estimée" />
	<meta name="twitter:data1" content="3 minutes" />
<script type="application/ld+json" class="yoast-schema-graph">{"@context":"https:\/\/schema.org","@graph":[{"@type":"WebPage","@id":"https:\/\/www.lfianvers.org\/fr\/membre\/claudinne-ntula\/","url":"https:\/\/www.lfianvers.org\/fr\/membre\/claudinne-ntula\/","name":"Claudinne Ntula - LFI Anvers","isPartOf":{"@id":"https:\/\/www.lfianvers.org\/fr\/#website"},"primaryImageOfPage":{"@id":"https:\/\/www.lfianvers.org\/fr\/membre\/claudinne-ntula\/#primaryimage"},"image":{"@id":"https:\/\/www.lfianvers.org\/fr\/membre\/claudinne-ntula\/#primaryimage"},"thumbnailUrl":"https:\/\/www.lfianvers.org\/wp-content\/uploads\/2024\/07\/FullSizeRender-1-1.jpg","datePublished":"2024-08-09T14:53:55+00:00","dateModified":"2024-12-02T07:35:00+00:00","breadcrumb":{"@id":"https:\/\/www.lfianvers.org\/fr\/membre\/claudinne-ntula\/#breadcrumb"},"inLanguage":"fr-FR","potentialAction":[{"@type":"ReadAction","target":["https:\/\/www.lfianvers.org\/fr\/membre\/claudinne-ntula\/"]}]},{"@type":"ImageObject","inLanguage":"fr-FR","@id":"https:\/\/www.lfianvers.org\/fr\/membre\/claudinne-ntula\/#primaryimage","url":"https:\/\/www.lfianvers.org\/wp-content\/uploads\/2024\/07\/FullSizeRender-1-1.jpg","contentUrl":"https:\/\/www.lfianvers.org\/wp-content\/uploads\/2024\/07\/FullSizeRender-1-1.jpg"},{"@type":"BreadcrumbList","@id":"https:\/\/www.lfianvers.org\/fr\/membre\/claudinne-ntula\/#breadcrumb","itemListElement":[{"@type":"ListItem","position":1,"name":"Accueil","item":"https:\/\/www.lfianvers.org\/fr\/"},{"@type":"ListItem","position":2,"name":"Claudinne Ntula"}]},{"@type":"WebSite","@id":"https:\/\/www.lfianvers.org\/fr\/#website","url":"https:\/\/www.lfianvers.org\/fr\/","name":"LFI Anvers","description":"Lycée français international d&#039;Anvers","potentialAction":[{"@type":"SearchAction","target":{"@type":"EntryPoint","urlTemplate":"https:\/\/www.lfianvers.org\/fr\/?s={search_term_string}"},"query-input":{"@type":"PropertyValueSpecification","valueRequired":true,"valueName":"search_term_string"}}],"inLanguage":"fr-FR"}]}</script>
<!-- / Yoast SEO plugin. -->

Claudine Ntula Secrétaire de direction Biographie Professionnelle accomplie dans le domaine de l&rsquo;assistanat de direction, je bénéficie de nombreuses années [&hellip;]

Lycée français international d&#039;Anvers
